5 + (9 - -2 - 8))) + -11.
4
Calculate (-7 - (-11 + 5 - (7 + 0))) + -7.
-1
What is the value of -1 + 7 - (-51 + 71)?
-14
1 + -3 - -6 - (-16 - -10)
10
14 - 0 - (-443 - -438)
19
Calculate 0 - (-6 + 16 - 13) - 1 - -26.
28
What is the value of -152 + 149 - (-1 + 1) - (-8 + 1)?
4
(-38 + 56 - 0) + (1 - 12)
7
What is -1 + -2 - 3 - (-32 + 47 - 19)?
-2
Calculate 6 + 2 + -14 + 10 - 8 - -4.
0
Evaluate 7 + -11 - (31 - 12 - 45).
22
(5 - -56) + -39 + 7
29
Calculate 39 + -18 - 20 - (14 - 0).
-13
What is the value of -8 + (5 + 2 - 7) - -16?
8
Calculate 5 - ((8 - 9) + (3 - -5) + -1).
-1
What is the value of (-22 - 7 - -7 - (-13 - -16)) + 5?
-20
What is the value of 25 + (-6 - -13 - 34)?
-2
(31 - 20) + (-11 - 23 - -2)
-21
Evaluate -3 + (21 - (-3 - (-3 + -9))) + 26.
35
What is (9 - (-6 + 15)) + -3?
-3
What is the value of -61 + 75 - ((-1 - -2) + 0)?
13
What is -11 - 26 - -25 - (-3 - -20)?
-29
(-1 - 8) + 2 - ((17 - 9) + -6)
-9
What is 8 - (5 - (7 - (3 + 6))) - 16?
-15
6 + (-6 - -10) + -18
-8
What is 2 + -2 - (-23 + (41 - 28))?
10
Calculate -22 + 0 + 17 + -23 + -2.
-30
-2 - (-8 + -1 + 8 + 6 + -1)
-6
What is the value of -38 - (-14 - (8 + 4 + -12))?
-24
Evaluate (-6 - -42) + -15 + -5.
16
(-4 - 0) + 2 + 2 - (-468 + 481)
-13
Evaluate -1 + 11 + -15 + -8 - 1.
-14
Evaluate 1 + (-5 - (1 - 10)) - 12.
-7
What is the value of (-11 - (19 + -55)) + -7?
18
What is the value of -9 - (3 - (42 - (1 + 6)))?
23
-26 + (15 + 39 - 32)
-4
What is the value of 10 - (8 + -5 + (6 - 10 - -4))?
7
Calculate 8 + (11 - (6 - -13)) - 10.
-10
Calculate -280 - -254 - (-16 - 1).
-9
-42 + -27 + 28 + 34
-7
What is (-27 - -24) + -12 + 6 + 1?
-8
What is the value of -1 + -23 + -138 + 146?
-16
What is the value of -55 + 67 - (2 + 1)?
9
What is the value of (0 + 7 - -3) + -22 + -6?
-18
What is (2 - 10) + -4 + 10 - -11?
9
What is the value of (2 - (0 - 1)) + -6 + -10 + 16?
3
Calculate 7 + -1 - (-7 + 7 - 6).
12
Evaluate 7 + -12 + -1 + -1 + 19.
12
What is the value of -33 + -13 + 20 + 6 + -4 + 7?
-17
Evaluate 43 - (-10 + 18 - -23).
12
9 - (2 - (-13 - (-38 + 10)))
22
Calculate 21 + (-16 - (7 - 14)).
12
What is the value of (2 - -5) + -5 + -1?
1
What is the value of 1 + 6 + -8 + 4 + 1 + -9?
-5
What is the value of -16 - -2 - (16 - 22) - -8?
0
Calculate -1 + 2 + -7 - 0.
-6
What is the value of 13 + -2 - (46 + -41 - -29)?
-23
Calculate -17 - 10 - (1 - 22).
-6
Evaluate -3 + -5 - (89 - 112).
15
Calculate 11 - ((-12 - -1) + (-181 - -185)).
18
Evaluate 7 + -5 + (3 - (6 - -1)).
-2
What is the value of 1 + -4 + 17 + (14 - (15 + 0))?
13
What is -2 - 9 - ((20 - 36) + 6 + 6)?
-7
What is the value of -4 + 25 + -21 - (-4 + 0)?
4
What is 11 + -16 + -9 + 17 + -10?
-7
What is -1 + 17 + (-2 - -64) + -69?
9
What is the value of 5 - 10 - (6 + -9 - (3 - 13))?
-12
Calculate (-1 + 1 - -25 - (276 + -272)) + -2.
19
(8 - -4) + -11 - (-2 + 15)
-12
What is the value of -11 + (5 + -5 - 0)?
-11
Calculate (5 - 19) + -12 - -13.
-13
What is the value of 31 + 27 + -79 + 28?
7
What is -14 - (-2 - (5 + 2)) - -6?
1
Calculate -9 + 0 + -272 + 289 + -2.
6
What is the value of -3 - (-170 + 166 - (-1 - -11))?
11
What is the value of 195 + -209 + 0 + 22 - 29?
-21
Calculate (28 - (36 + (-55 - -27))) + -1 + 1.
20
(-4 - (2 + -6)) + 3 + -58 + 53
-2
Calculate -10 + 16 + -13 + (0 - 1) + 7.
-1
Evaluate (-4 - -2) + 3 + -1 + -3 - -2.
-1
Calculate -25 - ((-13 - 11) + 5).
-6
Evaluate 37 - (60 - 42) - (1 + (1 - -1)).
16
Calculate -12 + (-309 + 327 - (-1 - -9)).
-2
What is -3 + (-13 + 27 - 6)?
5
Calculate (85 - 193 - -110) + -1 + 2 + -9.
-6
What is -5 - ((1 - (-1 - -8)) + 12) - -4?
-7
What is 156 + -186 - (4 - (-5 - -11))?
-28
Calculate 21 + -15 + -18 + 27.
15
What is 2 - (-3 + 2) - -3 - (8 + 0)?
-2
Evaluate 18 + -26 - (-57 - -34).
15
What is the value of 21 + 15 + -69 + 3 + 2?
-28
What is the value of -16 + (9 - 1) - (-3 + -23)?
18
2 + 7 + (15 - 8) + -11
5
Calculate (-3 + -2 + 2 - -11) + 1 + 0.
9
What is the value of (19 - (7 - -11)) + -9?
-8
(-7 - (-1 + 7)) + 7 - (2 - 6)
-2
12 + 1 - (-3 + 8 - -4) - -18
22
38 + 20 + -16 + -7 + (-2 - 0)
33
What is the value of 12 + (-13 - (8 + -4 - -3))?
-8
Calculate (-18 + 9 - -9) + -6 - -20.
14
Evaluate 28 + 0 + (-107 - -92) + (11 - -1).
25
What is the value of 1 - (-15 + 20 - (1 + 12))?
9
Evaluate -18 - (14 - (5 + -4 + 10)).
-21
7 - (-33 - -50 - (4 - -4))
-2
What is the value of (-2 - (2 + 1) - 5) + 6 - -3?
-1
Evaluate 19 - (10 + -19 - -18) - 18.
-8
3 + -20 - (-21 + 20) - -2
-14
8 - (8 - -1 - (-63 + 72)) - 19
-11
What is the value of -31 - -41 - 48 - -40?
2
Calculate -12 + (13 - 25) + 13.
-11
Calculate 2 - 4 - -3 - (6 + -23).
18
Evaluate -9 + (0 - (4 + 9 + -4 + -12)).
-6
Evaluate -1 + 3 + -13 + 10 + 4 - -1.
4
Calculate 2 + 3 - (-27 + 14) - 5.
13
Evaluate 406 - 412 - (-2 - 14).
10
What is the value of 2 - (4 + (6 - (1 + 12) - -1))?
4
Evaluate 4 - ((10 - -1) + -9) - -4.
6
What is 0 + 1 + -18 + (5 - (-8 + 4))?
-8
What is the value of 7 + -3 + -2 + -23 + 26?
5
Evaluate -2 - (24 - (30 + -17)).
-13
-25 - -29 - ((0 - -5) + 12 - 2)
-11
Calculate -1 - 10 - (-169 + 77 - -83).
-2
What is the value of -1 + -14 + 11 + 1?
-3
What is the value of -8 + 35 + -59 - (-14 - -1)?
-19
What is 3 + -2 + (-6 - -6 - (2 - 13))?
12
What is the value of 21 + -8 + -15 - -20?
18
What is 3 - (-1 - (12 - (-1 - (-5 - 3))))?
9
Calculate (-2 + -8 - 6) + 7 - -19.
10
What is -6 - (21 - 11 - 8)?
-8
(-1 - (2 - -7)) + -16 + 10 + 10
-6
Evaluate -5 - (-6 - -1 - (4 + 12 + -26)).
-10
9 - (37 + -62 + 33)
1
Calculate (19 - (-13 + 38)) + 16.
10
What is the value of (1 + -3 - (-37 - -28)) + -15?
-8
What is the value of -12 - -13 - (7 - ((-3 - -8) + 4))?
3
Calculate 1 - -25 - (235 - 246).
37
Calculate 2 + (-1 - 4) + (-54 - -46).
-11
2 + -12 + 0 + 12 - 15
-13
What is the value of -29 + 30 + -19 + 3?
-15
-4 - (44 - 8 - 31)
-9
Calculate -21 + -11 + 13 + 3.
-16
Evaluate -4 + 18 - (-3 - (-8 - (0 + 0))).
9
What is the value of 7 - 4 - (5 - -19 - (-2 + 6))?
-17
What is 1 - -3 - (22 + (6 - 26))?
2
What is 3 + -4 + -3 - -4 - (32 + -42)?
10
Evaluate 6 - (12 + -6 + (11 - 2)) - -8.
-1
Calculate (6 + -11 - -7) + 3 - 5 - -4.
4
Calculate 5 - ((12 - (33 - 10)) + 10).
6
What is the value of -21 - (6 - 52) - -1?
26
Calculate -12 + (2 - -1 - (-2 + -7 + 9)).
-9
(2 - -7) + -16 + 5
-2
What is the value of 39 - -3 - (334 - 310)?
18
Evaluate (17 - (-8 - -10) - 10) + (0 - -7).
12
6 + (4 - 6 - -5) + -7
2
Calculate 0 + -7 - 0 - (-24 + 31 + -26).
12
-15 + (9 - (-8 + 0)) + -8
-6
What is the value of (6 - 1) + -280 + 280?
5
Calculate -1 + (56 - 33) + -17.
5
What is the value of -8 + -31 + 15 + 3?
-21
What is 0 + 7 - ((46 - 10) + (-9 - -1))?
-21
Evaluate -26 - ((17 - 10) + -21).
-12
What is the value of 1 + (-7 - 0) + (-2193 - -2204)?
5
What is (-2 - 0 - 4 - -7) + -15 + 13?
-1
Calculate 5 + 5 + (-4 - -1) + -3 - -8.
12
Calculate -2 + -2 + (-152 - -150).
-6
Evaluate -1 - -4 - (449 + -460).
14
Calculate -5 + (6 - (13 - 14)) + -2.
0
What is the value of -54 - -59 - (0 - -3)?
2
What is 17 + 13 + -61 - -22?
-9
Evaluate (125 - 109) + -13 + -1.
2
What is the value of 29 - (-5 + 5 + 16)?
13
Evaluate -11 + 32 + -3 + -23.
-5
Evaluate 3 - ((15 - 10) + -2 + (-1 - -3)).
-2
-5 - 2 - (7 - ((10 - 4) + 9))
1
-2 + -13 + (-4 - 0) + 52
33
What is 11 + (1 - (-19 - -39))?
-8
What is -44 + 81 - 52 - (0 - -1 - 0)?
-16
What is (8 - 1) + 15 + 21 + -23?
20
What is the value of (14 - (-1 - 1 - -3)) + (3 - -3)?
19
Evaluate (-22 - -43) + -17 + 1 + 17 + 0.
22
-11 - (-22 - ((24 - 25) + (-2 - -1)))
9
What is the value of (12 - (-1 + 1)) + (-73 + 9 - -66)?
14
What is (14 - (8 - -15)) + 10 + -1?
0
Calculate -20 + 2 + (-2 - -2) - (1850 - 1858).
-10
What is (-30 - 21 - -45) + 7?
1
What is the value of 24 + (4 - (-7 - (3 - (-12 + 22))))?
28
What is (1 - (1 + (-9 - (-18 - -8)))) + 8?
7
Evaluate 296 + -291 + 1 + -3.
3
What is the value of 14 - (-4 - 8 - -41)?
-15
-12 - (-10 + (16 - 7) - 7)
-4
Calculate (-37 + 13 - -12) + 5 + (-4 - 6).
-17
Evaluate 13 + (-14 - ((-7 - 0) + 4 + -4)).
6
Calculate 10 - -4 - 30 - 1.
-17
Evaluate 60 - 22 - 27 - 27.
-16
Calculate (-7 - -31) + -7 + 8.
25
What is the value of -5 - (3 - (-3 - (-14 + -6 + 3)))?
6
What is -4 - (2 - -5) - (-277 - -241)?
25
(-3 - 0) + (259 - 277) + 0 + 5
-16
What is the value of 23 - 40 - -31 - (0 + 7)?
7
-6 + (8 - 4 - 0 - 0 - 10)
-12
Evaluate 2 + (14 - (9 + (-8 - -6))).
9
What is -8 + -8 +